termine w(-8).
-721
Let w(z) = -304*z - 11392. Give w(-35).
-752
Let h(g) = -g**3 - 205*g**2 + 2603*g - 220. Determine h(-217).
-3
Let s(c) = 246*c + 680. What is s(-6)?
-796
Let b(c) = 2*c**2 + 101*c + 934. Give b(-9).
187
Let b(f) = -46*f**3 - 2890*f**2 + 499*f - 410. Determine b(-63).
-95
Let f(c) = 2*c**2 - 24282*c + 460868. What is f(19)?
232
Let f(j) = -3327*j**2 - 1663495*j + 2503. Give f(-500).
3
Let z(f) = -f**2 + 209*f - 8870. Give z(146).
328
Let d(f) = -1770*f - 36386. Determine d(-21).
784
Let m(y) = 2*y**3 - 40*y**2 - 257*y + 5134. Give m(20).
-6
Let u(w) = -5703*w - 5704. Calculate u(-1).
-1
Let u(j) = -5*j**2 + 253*j - 944. Give u(4).
-12
Let l(u) = 71*u + 2192. Calculate l(-32).
-80
Let x(v) = 3*v**2 - 1442*v - 25011. Determine x(-17).
370
Let g(m) = -32104*m + 2793048. Calculate g(87).
0
Let d(q) = 546*q**2 - 10363*q + 138. What is d(19)?
347
Let r(j) = 14*j**3 - 26*j**2 + 181*j - 676. Determine r(4).
528
Let u(m) = 198*m**2 + 10091*m - 555. Calculate u(-51).
-198
Let j(x) = 969*x - 370222. Determine j(382).
-64
Let v(t) = -5*t**2 + 1582*t - 12906. Calculate v(308).
30
Let s(i) = -i**3 - 38*i**2 + 1143*i - 1041. What is s(19)?
99
Let z(w) = 6300940*w - 25203751. What is z(4)?
9
Let c(b) = b**3 + 280*b**2 - 2235*b + 19969. Give c(-288).
97
Let t(c) = 69*c**2 - 40*c + 76. Determine t(2).
272
Let o(q) = -2*q**2 + 2392*q + 78611. What is o(-32)?
19
Let g(x) = -47*x**3 - 2*x**2 - x - 27. Determine g(0).
-27
Let n(y) = y**3 + 44*y**2 + 85*y + 5730. Give n(-45).
-120
Let x(f) = 614758*f + 3. Determine x(0).
3
Let o(d) = -5514*d - 145. Give o(0).
-145
Let b(h) = 116*h**2 + 346*h - 164. What is b(-2)?
-392
Let g(i) = -2*i**2 + 895*i + 450633. Determine g(-301).
36
Let z(t) = 686*t - 1920. Calculate z(6).
2196
Let l(b) = -310*b**3 - 3*b**2 - 5*b - 2. Determine l(-1).
310
Let x(t) = 10844*t - 466288. What is x(43)?
4
Let g(u) = 2*u**3 - 50*u**2 - 179*u + 1912. Calculate g(27).
-5
Let j(i) = 192089*i - 7491467. Give j(39).
4
Let i(z) = -2096*z - 33525. Give i(-16).
11
Let u(p) = p**3 + 1025*p**2 - 76*p - 77900. Determine u(-1025).
0
Let v(f) = 1245*f + 385674. Calculate v(-310).
-276
Let o(g) = -1058*g + 50229. Determine o(50).
-2671
Let d(q) = 1957*q - 31226. What is d(16)?
86
Let u(d) = -280*d**2 - 44*d - 140. Calculate u(-3).
-2528
Let m(v) = 9874*v + 1293521. What is m(-131)?
27
Let v(r) = -r**3 + 25*r**2 + 1947*r - 40947. Give v(20).
-7
Let v(i) = 2*i**3 - 51*i**2 - 101*i + 840. What is v(27)?
300
Let a(d) = -4*d**2 + 46*d - 890. Calculate a(13).
-968
Let c(b) = -271*b**2 + 897*b - 94. Determine c(3).
158
Let f(t) = t**2 - 81994*t + 573918. Determine f(7).
9
Let m(z) = z**2 - 2257*z - 3674881. What is m(-1096)?
7
Let k(p) = -p**3 - 7*p**2 - 34*p - 840. Give k(-14).
1008
Let r(s) = 657*s - 56733. Give r(86).
-231
Let k(q) = -442*q + 103964. What is k(235)?
94
Let b(f) = f**3 + 408*f**2 + 24190*f + 78. Give b(-72).
222
Let x(g) = -11*g - 641. What is x(-34)?
-267
Let v(j) = j**2 + 122343*j - 1835371. Calculate v(15).
-1
Let y(s) = 1987851*s - 11927122. Calculate y(6).
-16
Let y(o) = -o**3 - 1077*o**2 - 15925*o + 56. What is y(-15)?
-19
Let i(r) = 23*r**3 + 347*r**2 + 34*r + 33. Give i(-15).
-27
Let x(p) = -p**3 - 14*p**2 - 32*p + 49. Determine x(-10).
-31
Let o(a) = -9*a**3 + 534*a**2 - 163*a - 815. Determine o(59).
11
Let g(p) = -2*p**3 + 17*p**2 + 163*p + 1. What is g(14)?
127
Let y(d) = 2*d**3 - d**2 - 1386*d + 3335. What is y(25)?
-690
Let d(b) = 12*b**3 + 295*b**2 + 4*b + 68. Give d(-24).
4004
Let m(w) = -61810*w - 247243. Calculate m(-4).
-3
Let y(v) = -496*v + 11376. Calculate y(23).
-32
Let u(g) = -2244*g**3 - 28*g**2 + 20*g + 1. Give u(1).
-2251
Let g(n) = -49*n**2 + 40881*n + 69390. Calculate g(836).
2
Let n(x) = x**3 - 35*x**2 - 283*x - 490. Give n(42).
-28
Let d(o) = 9*o**3 - o**2 - 176149*o + 352295. Determine d(2).
65
Let a(h) = h**2 + 335*h - 73979. Calculate a(152).
45
Let h(s) = -2146*s + 40798. What is h(19)?
24
Let f(n) = n**3 + 13*n**2 + 3380*n + 58605. Give f(-17).
-11
Let p(y) = 7*y**3 + 140*y**2 - 23*y - 204. Determine p(-20).
256
Let a(b) = 27*b**2 + 25*b - 571. What is a(-5)?
-21
Let f(t) = -2*t**3 - 20*t**2 + 89*t + 24. Give f(-10).
-866
Let k(c) = -4*c**3 - 141*c**2 + 32*c + 1780. Determine k(-35).
-565
Let f(u) = 48424*u + 242112. What is f(-5)?
-8
Let z(n) = -n**3 + 38*n**2 - 368*n + 69. Determine z(22).
-283
Let a(s) = -149*s + 5615. What is a(39)?
-196
Let g(m) = -473*m + 5990. Determine g(13).
-159
Let j(s) = -33*s**2 + 23585*s + 70757. What is j(-3)?
-295
Let a(t) = -5*t**3 + 1463*t**2 + 10509*t + 11. Calculate a(-7).
-150
Let i(s) = 596682*s - 6563508. Determine i(11).
-6
Let w(l) = -1472328*l + 7361677. Give w(5).
37
Let u(w) = -17*w**2 + 46*w + 254. Determine u(-6).
-634
Let f(o) = -9789*o - 832110. Give f(-85).
-45
Let w(d) = -6*d**3 + 5*d**2 + 272*d - 808. Calculate w(3).
-109
Let t(u) = -u**3 - 17*u**2 - 98*u - 931. What is t(-15)?
89
Let a(j) = -849*j + 326123. Calculate a(384).
107
Let z(d) = -169*d - 13946. Give z(-88).
926
Let l(x) = 609349*x - 4265438. Calculate l(7).
5
Let c(v) = 3*v**2 - 382*v + 7742. Give c(103).
223
Let r(u) = -78933*u + 316852. Give r(4).
1120
Let x(l) = 724*l + 2567. What is x(-6)?
-1777
Let w(s) = 2*s**3 + 49*s**2 - 71*s - 290. Determine w(-24).
1990
Let r(c) = 11*c**3 + 1046*c**2 + 86*c - 706. Determine r(-95).
149
Let a(n) = -n**3 - 84*n**2 + 252*n - 222. Give a(-87).
561
Let s(t) = 7*t**3 + 35*t**2 + 47*t + 3. Determine s(-4).
-73
Let q(c) = c**3 - 200*c**2 - 3227*c + 102. Determine q(-15).
132
Let g(r) = -3*r**3 + 13*r**2 + 785*r - 2384. What is g(3)?
7
Let l(k) = 2*k**2 - 3043*k + 1114413. Calculate l(614).
3
Let h(y) = -98*y**2 - 3306*y - 22907. Determine h(-24).
-11
Let i(j) = j**3 - j**2 - 6*j - 4. What is i(-3)?
-22
Let t(m) = -988*m + 186. Give t(2).
-1790
Let j(t) = 2600*t + 62378. What is j(-24)?
-22
Let y(q) = 19*q**2 - 1325*q + 6597. Give y(5).
447
Let h(w) = -w**3 + 38*w**2 + 84*w - 5383. Determine h(37).
-906
Let t(g) = -g**3 + 8*g**2 + 115*g - 303. Give t(-10).
347
Let p(f) = -11*f**3 + 1243*f**2 - 9*f + 1076. Calculate p(113).
59
Let y(d) = -7292*d - 80025. Determine y(-11).
187
Let c(u) = 2*u**3 + 42*u**2 - 48*u - 106. What is c(-22)?
-18
Let k(z) = z**2 + 630*z - 29108. Calculate k(43).
-169
Let o(j) = -145177*j + 290361. Determine o(2).
7
Let f(m) = m**3 - 42*m**2 + 578*m - 2439. Calculate f(8).
9
Let v(o) = -132*o**2 - 746*o - 15. Calculate v(-2).
949
Let i(b) = 162*b**2 + 104320*b - 5153. Give i(-644).
-1
Let j(g) = g**2 - 85523*g - 146. Calculate j(0).
-146
Let k(d) = -d**3 + 5*d**2 - 375*d + 6487. Calculate k(15).
-1388
Let w(b) = 88326*b + 794932. What is w(-9)?
-2
Let q(m) = -47*m**2 - 2637*m - 2597. Give q(-1).
-7
Let y(r) = -12788*r - 2954027. Calculate y(-231).
1
Let s(g) = 1618402*g + 8091974. Give s(-5).
-36
Let b(j) = -3171*j + 117513. Calculate b(37).
186
Let f(a) = a**2 - 6965*a - 174751. Determine f(-25).
-1
Let g(v) = v**3 + 36*v**2 + 135*v - 80. Calculate g(-32).
-304
Let j(y) = 10*y**3 - 312*y**2 + 82*y - 699. Give j(31).
-79
Let l(i) = -122*i**2 + 128*i + 216. Calculate l(2).
-16
Let w(v) = v**3 + 50*v**2 - 1989*v + 389. Calculate w(26).
51
Let b(z) = -536*z + 81475. Determine b(152).
3
Let v(g) = -31*g**3 + 5486*g**2 + 193*g - 2928. Determine v(177).
-96
Let c(i) = -i**3 + 20809*i**2 + 229021*i + 7. Calculate c(-11).
-4
Let x(b) = -b**3 + 80*b**2 - 1579*b - 194. Calculate x(36).
-14
Let b(c) = -587*c**2 + 8044*c + 2413. Give b(14).
-23
Let k(l) = -315349*l - 5045585. Give k(-16).
-1
Let i(b) = 4*b**2 - 68*b - 483. Determine i(22).
-43
Let z(w) = -98*w**3 + 4*w**2 + 135*w - 137. Calculate z(1).
-96
Let p(h) = -12336*h - 111021. Give p(-9).
3
Let f(p) = -3*p**2 - 123*p + 117. Calculate f(-42).
-9
Let j(i) = -3*i**2 - 5556*i - 33327. Calculate j(-6).
-99
Let c(s) = -2*s**3 + 103*s**2 - 191*s - 16. Determine c(2).
-2
Let g(f) = -391*f**2 + 3570*f + 21. What is g(9)?
480
Let u(v) = 483*v**2 - 595*v + 1802. Determine u(3).
4364
Let l(k) = 66893*k - 5284565. Determine l(79).
-18
Let o(h) = 3*h**3 + 350*h**2 + 214*h - 2067. Give o(-116).
21
Let a(q) = -65709*q - 1642719. What is a(-25)?
6
Let n(f) = 208275*f - 8539270. What is n(41)?
5
Let f(s) = -970*s + 15300. Calculate f(16).
-220
Let c(p) = p**2 - 1052*p - 34994. Calculate c(-